= -2*u - 292, 2*y = x*y - 4*u - 396. Suppose 3*a - 26 = y. Calculate the highest common factor of a and 5.
5
Let r(h) = 3*h. Let q be r(1). Suppose -69 - q = -4*d. Suppose -5*x = d - 93. Calculate the greatest common divisor of 3 and x.
3
Suppose 0*o + 2*o = -4*y + 14, -5*y + o = 0. What is the highest common factor of y and 7?
1
Let y(m) be the third derivative of -49*m**4/24 - 2*m**3/3 + 3*m**2. Let k be y(-3). What is the highest common divisor of 13 and k?
13
Let l be 3/(0 + 3/26). Suppose -78 = -6*o - 0*o. What is the greatest common factor of o and l?
13
Let a be (-436)/(-6) - (-4)/(-6). What is the greatest common factor of a and 8?
8
Let n be 2 - 2 - (-9 + -1). Let h = -5 + n. Suppose h*d - 4*y = 50, -5*d - y + 20 = y. Calculate the highest common factor of 54 and d.
6
Suppose 5*i + 1846 = a - 1173, -2*i - 4*a - 1190 = 0. Let b be (2/6)/((-3)/i). Let j = b + -32. What is the greatest common factor of 14 and j?
7
Let v(c) = 7*c + 5. Let f(w) = 6*w + 4. Let l(n) = 4*f(n) - 3*v(n). Let d be l(3). Let p be 2/1*(-165)/(-3). What is the highest common divisor of d and p?
10
Let q be (2/(-1))/2*646/(-17). Calculate the greatest common divisor of q and 19.
19
Suppose -2*k - 2*a - 6 = -6*k, a - 5 = 0. What is the greatest common divisor of k and 20?
4
Let x = 54 + -36. Suppose -2*k = 2*m - 68, x = m + 4*k - 28. Suppose -2*t = -118 - 32. What is the greatest common factor of m and t?
15
Suppose -w = -17 - 19. What is the greatest common divisor of w and 12?
12
Suppose -x + 8 + 10 = 0. Suppose 0 = 5*y - 17 - x. Calculate the highest common divisor of 77 and y.
7
Let h(f) = -17*f - 2. Let v be h(2). Let o be ((-4)/2)/(8/v). What is the highest common factor of o and 63?
9
Let z = -16 + 4. Let t be z/(-3)*2/1. Calculate the highest common divisor of 64 and t.
8
Let i(j) = -j**2 + 11*j - 11. Let q be i(9). Let y = -124 + 187. Calculate the highest common factor of y and q.
7
Suppose -2*z + 66 = -3*g - 12, 0 = -5*z + g + 169. Let l be -2*-2*9/12. What is the highest common factor of z and l?
3
Let s(h) = 9*h - 1. Let j be s(1). Let p = 36 - 28. Calculate the greatest common factor of p and j.
8
Suppose -6*h = -4*h - 60. What is the greatest common factor of 75 and h?
15
Let i = 69 + -42. What is the greatest common factor of i and 297?
27
Let o be 49*(2 + -1)*1. Suppose -5*a + o + 116 = 0. What is the greatest common divisor of a and 3?
3
Let l be 1 - -1 - (2 - 4). Suppose p + p - l = 0. Let x(y) = y**2 - 10*y + 9. Let i be x(11). What is the highest common divisor of p and i?
2
Let s = 304 + -217. Let x = -60 + 9. Let w = s + x. What is the highest common factor of w and 24?
12
Let r = -7 - -11. Suppose 37 + 47 = r*x. Let k be 7*-12*(-3)/x. What is the greatest common divisor of 3 and k?
3
Suppose -24*t - 420 = -29*t. What is the greatest common divisor of 126 and t?
42
Suppose -4*r - 12 = -8*r. Suppose -r*y + 140 = 2*y. Suppose 445 = 5*v + 95. Calculate the greatest common factor of y and v.
14
Let x = -76 - -200. Suppose -4 = 5*n - x. Calculate the greatest common divisor of 3 and n.
3
Let y = -542 - -1102. Suppose 5*k = y + 390. Let q = -86 + k. Calculate the greatest common factor of q and 13.
13
Suppose y = -3*s - 9, 0 = 2*s + 4*y + 25 - 9. Let t be 2*(1 - 5/s). What is the highest common divisor of t and 7?
7
Let z be (-2 - -1)/((-2)/180). Suppose 3*a + 6 = 0, -4*k + 69 = 2*a - 3. Let p = k - 9. Calculate the greatest common divisor of z and p.
10
Let j(b) = 15 - 7*b + b**2 + 18*b - 2*b**2. Let w be j(11). Calculate the greatest common factor of w and 10.
5
Let x = 0 + 4. Suppose x*w = -3*f + 70, 0 = 3*f + 2*f - 2*w - 82. What is the greatest common divisor of 126 and f?
18
Let r = 76 - -22. Let j = -18 + r. Calculate the highest common divisor of j and 16.
16
Let h = -17 + 37. Suppose 19*z - 14*z = 40. Calculate the greatest common factor of z and h.
4
Let s = -60 - -89. Calculate the highest common divisor of s and 232.
29
Suppose -4*t + 45 = -j, -5*j = t - 2 - 25. Calculate the greatest common factor of t and 24.
12
Let r be (-1 + 3)/(1/2). Let a(y) = -y + 6. Let p be a(0). What is the greatest common divisor of p and r?
2
Let v be 12 - 1 - (3 + -2). Suppose 60 = 3*u + 5*a, u - 40 = -0*a + 5*a. Calculate the greatest common factor of v and u.
5
Let c(x) = -2*x**3 - 6*x**2 - 9*x - 7. Let d be c(-4). What is the highest common factor of d and 244?
61
Let t be 21/14 - (-2)/4. Suppose -33 + 133 = t*y. Calculate the highest common divisor of y and 10.
10
Let z be (2 - (3 + -14)) + 2. Let w = 11 - z. Let b be (2 - -1)*(w - -9). Calculate the highest common factor of 5 and b.
5
Suppose -3*c - 114 = -k, -k + 0*c = -c - 104. Calculate the highest common divisor of k and 9.
9
Suppose -3*u = 4*i + 23, -2*u - 10 = i + 2. Let f(h) = -11*h + 1. Let x be f(u). Calculate the highest common factor of x and 7.
7
Let p = 15 - -6. Calculate the highest common divisor of p and 147.
21
Suppose -4*v - 17 = -5*d, 5*v = -d + 3 + 12. Let y(i) = i + 1. Suppose 1 = -s + 5. Let t be y(s). Calculate the greatest common factor of t and d.
5
Let q = 190 + -134. Calculate the greatest common factor of q and 8.
8
Suppose 4*h = 4*p + 156, -16 = 5*p + 9. Calculate the highest common factor of 85 and h.
17
Suppose 0 = 26*n - 21*n - 105. Calculate the highest common factor of 168 and n.
21
Suppose -4*u = u - 560. What is the highest common factor of u and 16?
16
Let k be 4/(-10) + 408/20. Suppose 2*j - n - 10 = 0, 0 = 2*j - 4*n + 4 - 20. What is the highest common divisor of j and k?
4
Suppose 53 = 9*g - 1. What is the highest common factor of 54 and g?
6
Let c be 6/4 - 3/(-6). Let s = 5 - c. Suppose -5*f + 45 = -0*f. Calculate the highest common factor of f and s.
3
Suppose -4*y = -0 - 4. Let a(m) = -3 + 166*m + 1 + 1. Let s be a(y). Calculate the highest common factor of s and 15.
15
Let g be -1 - (-2 - 4) - -70. Suppose -3*o - 45 = -6*o. What is the highest common factor of o and g?
15
Let k(d) = 10*d + 9*d**2 + 12 - 17*d**2 + 7*d**2. Let c be k(9). What is the highest common divisor of c and 3?
3
Let b(y) = -7 + 2*y + 1 - 4. Suppose -14 = -3*q + 7. Let g be b(q). Calculate the greatest common divisor of g and 44.
4
Let w(y) = y**3 + 8*y**2 + 1. Let k be w(-4). What is the greatest common divisor of k and 13?
13
Suppose 4*w - 12 = 3*w + 2*q, 4*w = 2*q + 30. Calculate the greatest common factor of w and 9.
3
Let s be (0/(-2) + -2)*-4. Let u(l) = -l**2 - 8*l - 8. Let b be u(-6). Let w = b + 0. What is the greatest common factor of w and s?
4
Suppose -o = -5*o + 8. Suppose 4*i + 4*a - 160 = 0, 5*a - 7 = -o*i + 73. Calculate the highest common factor of 16 and i.
8
Let k be (-68)/(-3) + (-1)/(-3). Let g(w) = w**3 + 4*w**2 + 4*w + 2. Let l be g(-2). Let n be (-11)/l*(-92)/2. What is the greatest common factor of k and n?
23
Suppose 69 = 3*j - 81. Calculate the greatest common factor of j and 20.
10
Let r be (-15)/75 + (-181)/(-5). What is the highest common factor of r and 9?
9
Let f(y) = -y**3 + y**2 - y + 72. Let o be f(0). Calculate the greatest common factor of 9 and o.
9
Suppose -2*r = -3*r + 4. Suppose 0 = 9*l - 7*l - 16. Calculate the highest common divisor of r and l.
4
Suppose 0 = -a + 2*a. Suppose -b - 2*b + 45 = a. Calculate the highest common divisor of b and 10.
5
Suppose 0*x + 3*n - 1 = x, 5*n + 5 = 3*x. Let m = x + 16. Calculate the highest common divisor of 14 and m.
7
Let o(r) = -r + 14. Let s be o(6). Let z(a) = 7*a - 4. Let f be 7/1 + -1 + -2. Let k be z(f). What is the greatest common divisor of s and k?
8
Let d be 50/3*(24 - 0). Suppose 4*p = -p + d. Let x be 4 + 19 + 3/(-1). What is the highest common factor of x and p?
20
Let m be (392/6)/((-4)/(-12)). What is the highest common factor of m and 28?
28
Let c be -7*(1 - 9/(-3)). Let p = -14 - c. What is the highest common factor of p and 56?
14
Suppose u - 3*w = -0*u + 23, u = 4*w + 27. Let v = 21 - u. What is the highest common factor of v and 15?
5
Let u = -95 - -143. What is the highest common factor of 24 and u?
24
Let y(t) = -5*t - 6. Let b be y(-5). What is the greatest common divisor of b and 209?
19
Suppose z = -3 + 7. Suppose -s + z = s. Suppose -s*c = 10 - 38. What is the greatest common divisor of c and 7?
7
Let c be (30/(-20))/(1/4). Let q(p) = -5*p + 15. Let u be q(c). Suppose 5*g = 3*h - 0*